91
List the prime factors of 290078009.
13, 22313693
List the prime factors of 25904002.
2, 12952001
What are the prime factors of 2193203881?
11, 17, 11728363
What are the prime factors of 816511021?
816511021
List the prime factors of 49942980.
2, 3, 5, 30829
What are the prime factors of 4815584976?
2, 3, 61, 1644667
What are the prime factors of 2108777560?
2, 5, 52719439
List the prime factors of 2795618395.
5, 559123679
What are the prime factors of 585499374?
2, 3, 53, 149, 1373
List the prime factors of 672164745.
3, 5, 7, 6401569
What are the prime factors of 254786498?
2, 73, 1745113
What are the prime factors of 95274925?
5, 659, 5783
List the prime factors of 973805505.
3, 5, 139, 199, 2347
List the prime factors of 111748014.
2, 3, 7, 227, 3907
What are the prime factors of 2739061176?
2, 3, 491, 232439
List the prime factors of 1770608504.
2, 7, 601, 52609
List the prime factors of 882383126.
2, 83, 5315561
List the prime factors of 420148688.
2, 101, 259993
What are the prime factors of 2036807020?
2, 5, 41, 2483911
List the prime factors of 200562919.
200562919
List the prime factors of 176426284.
2, 23, 59, 32503
List the prime factors of 275472332.
2, 71, 619, 1567
List the prime factors of 533547018.
2, 3, 19, 131, 11909
What are the prime factors of 763179766?
2, 3617, 105499
List the prime factors of 709881652.
2, 177470413
List the prime factors of 307484841.
3, 102494947
List the prime factors of 31825825.
5, 1273033
List the prime factors of 387456977.
53, 7310509
What are the prime factors of 449949481?
61, 719, 10259
What are the prime factors of 722290436?
2, 7, 23, 43, 26083
List the prime factors of 13128793.
29, 107, 4231
What are the prime factors of 2949003139?
107, 27560777
List the prime factors of 589521572.
2, 43, 1289, 2659
What are the prime factors of 595662981?
3, 2111, 94057
What are the prime factors of 2561224634?
2, 1031, 1242107
List the prime factors of 2837713268.
2, 13, 54571409
List the prime factors of 5625761.
353, 15937
List the prime factors of 8364091283.
47, 151, 401, 2939
List the prime factors of 849842394.
2, 3, 141640399
What are the prime factors of 44824467?
3, 103, 145063
List the prime factors of 432249184.
2, 107, 126241
What are the prime factors of 90750481?
90750481
List the prime factors of 420305181.
3, 140101727
What are the prime factors of 1117482488?
2, 17, 8216783
What are the prime factors of 407750400?
2, 3, 5, 7079
What are the prime factors of 100980037?
100980037
What are the prime factors of 39748764?
2, 3, 11, 301127
List the prime factors of 2117480871.
3, 11, 733, 87539
List the prime factors of 470286778.
2, 13, 1391381
What are the prime factors of 135279043?
135279043
What are the prime factors of 100843036?
2, 7, 59, 61043
What are the prime factors of 31611981?
3, 10537327
What are the prime factors of 25991078?
2, 12995539
What are the prime factors of 42157663?
2437, 17299
What are the prime factors of 8593826?
2, 4296913
List the prime factors of 164380111.
7, 41, 601, 953
List the prime factors of 809281692.
2, 3, 257, 9719
List the prime factors of 102493951.
7, 823, 17791
List the prime factors of 885206944.
2, 37, 43, 17387
List the prime factors of 56966852.
2, 263, 54151
List the prime factors of 67163940.
2, 3, 5, 17, 47, 467
What are the prime factors of 402627957?
3, 2897, 46327
List the prime factors of 379695884.
2, 17, 5583763
List the prime factors of 680594478.
2, 3, 19, 5970127
List the prime factors of 120491796.
2, 3, 10040983
List the prime factors of 3180690565.
5, 13, 17, 29, 99257
What are the prime factors of 516076044?
2, 3, 11, 3909667
What are the prime factors of 29530092?
2, 3, 1399, 1759
List the prime factors of 209771742.
2, 3, 19, 127, 14489
What are the prime factors of 156972095?
5, 7, 4484917
What are the prime factors of 1203074418?
2, 3, 7, 13, 2203433
List the prime factors of 72500671.
4789, 15139
List the prime factors of 1672715246.
2, 1663, 502921
What are the prime factors of 35187794?
2, 101, 174197
List the prime factors of 1467701036.
2, 2957, 124087
List the prime factors of 12024135.
3, 5, 267203
What are the prime factors of 216065209?
216065209
List the prime factors of 2602960404.
2, 3, 11, 19, 419, 2477
What are the prime factors of 37218570?
2, 3, 5, 41, 30259
What are the prime factors of 124704089?
29, 4300141
List the prime factors of 2267164976.
2, 141697811
What are the prime factors of 215998447?
7, 17, 137, 13249
What are the prime factors of 1431370095?
3, 5, 241, 395953
List the prime factors of 190915847.
23, 8300689
What are the prime factors of 339353297?
109, 3113333
List the prime factors of 162350335.
5, 7, 379, 12239
What are the prime factors of 195203954?
2, 11, 8872907
What are the prime factors of 722995652?
2, 17, 10632289
List the prime factors of 581364213.
3, 587, 330133
List the prime factors of 204347270.
2, 5, 1409, 14503
What are the prime factors of 1713328260?
2, 3, 5, 7, 4079353
List the prime factors of 1558316762.
2, 779158381
What are the prime factors of 4898174?
2, 2449087
List the prime factors of 49331021.
23, 59, 36353
List the prime factors of 1965355843.
11, 257, 673, 1033
What are the prime factors of 318656704?
2, 17, 109, 2687
What are the prime factors of 334188580?
2, 5, 11, 1519039
What are the prime factors of 61687780?
2, 5, 7, 11, 41, 977
What are the prime factors of 7938941?
19, 417839
List the prime factors of 39070063.
17, 53, 103, 421
List the prime factors of 12578866.
2, 29, 216877
What are the prime factors of 1267404553?
17, 74553209
List the prime factors of 2718481304.
2, 7, 11, 4413119
What are the prime factors of 2886639567?
3, 7, 6863, 20029
What are the prime factors of 196710406?
2, 98355203
What are the prime factors of 1200023982?
2, 3, 17, 1453, 2699
List the prime factors of 839665864.
2, 37, 709, 4001
List the prime factors of 925816042.
2, 462908021
What are the prime factors of 3250802582?
2, 137, 11864243
What are the prime factors of 149973076?
2, 11, 3408479
What are the prime factors of 43370295?
3, 5, 23, 125711
List the prime factors of 20339027.
20339027
List the prime factors of 189455810.
2, 5, 18945581
What are the prime factors of 208725011?
11, 149, 347, 367
What are the prime factors of 6756820635?
3, 5, 29, 967, 16063
List the prime factors of 89038594.
2, 1381, 32237
What are the prime factors of 3754971526?
2, 17, 110440339
What are the prime factors of 1093907014?
2, 43, 12719849
List the prime factors of 1713543073.
11, 31, 101, 4523
List the prime factors of 923216762.
2, 13, 41, 866057
List the prime factors of 216482489.
5939, 36451
List the prime factors of 205118733.
3, 1567, 43633
What are the prime factors of 28335386?
2, 14167693
List the prime factors of 232627223.
691, 336653
What are the prime factors of 732060543?
3, 29, 433, 19433
What are the prime factors of 81511954?
2, 23, 1771999
List the prime factors of 23867758.
2, 11933879
What are the prime factors of 774315187?
101, 7666487
What are the prime factors of 4366959309?
3, 485217701
List the prime factors of 511897460.
2, 5, 2243, 11411
What are the prime factors of 2452208883?
3, 29, 2791, 10099
What are the prime factors of 83637443?
1973, 42391
What are the prime factors of 431465656?
2, 53933207
What are the prime factors of 133709031?
3, 47, 316097
List the prime factors of 10423978.
2, 2273, 2293
What are the prime factors of 714958956?
2, 3, 23, 587, 1471
List the prime factors of 2466486654.
2, 3, 411081109
What are the prime factors of 153800428?
2, 17, 2261771
What are the prime factors of 1179572628?
2, 3, 13, 7561363
What are the prime factors of 574016?
2, 8969
List the prime factors of 257442412.
2, 53, 271, 4481
List the prime factors of 8594521498.
2, 607, 7079507
List the prime factors of 934850692.
2, 19, 97, 211, 601
What are the prime factors of 1121194851?
3, 7, 53390231
List the prime factors of 46916233.
7, 13, 515563
List the prime factors of 106991630.
2, 5, 23, 53, 67, 131
What are the prime factors of 68314452?
2, 3, 31, 409, 449
What are the prime factors of 596136885?
3, 5, 23, 59, 29287
List the prime factors of 67112173.
67112173
List the prime factors of 9533029303.
7, 79, 17238751
What are the prime factors